e -1 = n - 5*i, -3*i - 7 = k. What is the remainder when 4/n - 106/(-8) is divided by 5?
3
Let d be 26/10 + (-2)/(-5). Let v = d - -8. Let y(r) = 2*r + 26. What is the remainder when v is divided by y(-11)?
3
Let i = 33 - 21. Calculate the remainder when 45 is divided by i.
9
Let l(w) be the first derivative of w**3/3 - 7*w**2/2 + 4*w - 4. What is the remainder when 21 is divided by l(8)?
9
Let c be (-54)/(-24) - (-1)/(-4). Let h(d) = 3 + 3*d**3 - d - d**3 - c*d. Calculate the remainder when h(2) is divided by 5.
3
What is the remainder when 29 is divided by (-1 - -2)/(3/12)?
1
Suppose u - 14 = 24. Calculate the remainder when u is divided by 10.
8
Suppose 0 = -4*d + 7*d - 9. Suppose 30 = d*k - 69. Calculate the remainder when k is divided by 7.
5
What is the remainder when 27 + (-3 - 2/(-2 + 0)) is divided by 2?
1
Let c = -1 - -15. What is the remainder when -1 - 53*3*1/(-3) is divided by c?
10
Let m be (-25)/15*(-3)/1. Suppose -3*u - 6 = -m*u. Suppose 4 = u*f - 11. Calculate the remainder when 14 is divided by f.
4
Let u = 17 + -11. Calculate the remainder when 11 is divided by u/1 - (-5 - -8).
2
Let k = -101 + 112. What is the remainder when 28 is divided by k?
6
Let t = 5 - 3. Let v = -28 + 31. What is the remainder when v is divided by t?
1
Let x(n) = 2*n**2 + n + 1. What is the remainder when 43 is divided by x(2)?
10
Let b = -11 - -26. Let k = 14 + 1. Calculate the remainder when b/(-10)*(-172)/6 is divided by k.
13
Let f(q) = q**2 + 3*q - 18. What is the remainder when f(-8) is divided by 8?
6
Let d(w) = 8*w - 22. Calculate the remainder when d(8) is divided by 11.
9
Let w = -15 + 22. Let l = 18 - w. Let j = 19 - -13. What is the remainder when j is divided by l?
10
Suppose -10 = -2*q + 2*l, -q + l = 4*l + 7. Suppose -3*y = -q*d + 1 + 3, 0 = 2*y + 5*d + 9. What is the remainder when 22 is divided by (y*3)/(6/(-8))?
6
Let c(x) = 34*x. Let g = -9 + 11. What is the remainder when c(g) is divided by (-1 - -20) + 2 - -2?
22
Suppose 10 = r - 7. Calculate the remainder when 67 is divided by r.
16
Suppose -2*u + 27 = 9. Calculate the remainder when u is divided by 7.
2
Suppose 0 = 4*x + 4 - 44. Suppose 0 = -z - 2*r + 11, 3*z - 5*r = -0*z - 11. What is the remainder when x is divided by z?
1
Let l = -46 - -55. Calculate the remainder when 32 is divided by l.
5
Suppose 0 = 5*v - 10, 0 = h - 4*v - 0 - 5. Calculate the remainder when 38 is divided by h.
12
Suppose 0 = 4*x - 20, -x - 18 = -y - 4. What is the remainder when 50 is divided by y?
12
Let v = -19 - -97. Calculate the remainder when v is divided by 10.
8
Suppose 2*o - 2 = 4. Let l be 0/1 - (-4)/(-2). Calculate the remainder when l + (-3)/((-3)/8) is divided by o.
0
Let n = 43 + -13. Calculate the remainder when n is divided by 3/((-6)/22)*-1.
8
Suppose -2*l + 9*l - 539 = 0. What is the remainder when l is divided by 23?
8
Suppose 2*g - 9 + 3 = 0. Suppose y + 26 = -y. Let q = 21 + y. Calculate the remainder when q is divided by g.
2
Let y(z) = 3*z**2 + z. Let p be y(1). Suppose 3*l = -2*n - 13, 0*n + 10 = n - p*l. What is the remainder when 1 is divided by (-2 + 0/2)/n?
0
Suppose 4*q + 44 = z - q, 0 = -5*z + 2*q + 105. Calculate the remainder when 33 is divided by z.
14
Let k be 3/(6 - 3) + 188. Suppose k = 10*r - 7*r. Calculate the remainder when r is divided by 16.
15
Suppose -4*r = 2*q - 19 - 7, 2*q + 3*r = 28. Calculate the remainder when 29 is divided by q.
12
Let k(q) = 12*q. Let o be k(3). Let c = o - 22. Let f = 1 + 7. What is the remainder when c is divided by f?
6
Let i be 2*1/(-2)*14. What is the remainder when 30 is divided by -3 - 0 - (i + 3)?
6
Let c = 137 - 93. Suppose -2*x = -4*x - c. Calculate the remainder when x/(-2) + 4/2 is divided by 7.
6
Suppose 3*m - 43 = -2*s, m - 5 = -3*s + 7. Suppose -3*z - 2*z = -4*v + 247, v + 2*z - 52 = 0. Suppose -c = c - v. What is the remainder when c is divided by m?
14
Suppose -3*x = -0*x - 12, -4*x + 96 = 4*c. Calculate the remainder when 54 is divided by c.
14
Suppose -2*b + 7*b - 55 = 0. Suppose 4 + b = 5*x. Calculate the remainder when 6 is divided by 7 + (-1 - -1) - x.
2
Let m = 39 - 35. Calculate the remainder when m is divided by 3.
1
Let v = -4 - -18. What is the remainder when 166 is divided by v?
12
Let r = -3 + 33. Suppose 4*x - 1 = -3*y + 89, -r = -y + 5*x. What is the remainder when y/4*2 - -2 is divided by 6?
5
Let x = -191 - -305. Suppose 0*d - 3*d = -x. Calculate the remainder when d is divided by 13.
12
Suppose 0 = -21*i + 480 + 381. What is the remainder when 201 is divided by i?
37
Suppose 19 = -3*y + 4*y - 3*d, 3 = -3*y - 3*d. Suppose 5 = y*r - 43. Calculate the remainder when 35 is divided by r.
11
Let g be ((-36)/7)/((-12)/84). Let q = -21 + g. What is the remainder when 59 is divided by q?
14
Calculate the remainder when 33 is divided by ((-34)/4)/((-5)/10*1).
16
What is the remainder when 13 is divided by (-9)/(-2) + (-5)/10?
1
Suppose -q + 2*z + 7 = -1, -4*q - 5*z = -71. Suppose 5 = w + 2. Suppose 0 = -w*k - 1 + 16. Calculate the remainder when q is divided by k.
4
Suppose -s - k = -0*s - 8, 5*s - 28 = -k. What is the remainder when 12 is divided by s?
2
Suppose -s + 3*a + 81 = s, -3*s = -5*a - 122. Calculate the remainder when s is divided by 8.
7
Let t(x) = x**3 + 20*x**2 - 21*x + 37. Calculate the remainder when 146 is divided by t(-21).
35
Let q = -13 + 10. Let l be 8/q*81/(-12). Suppose l = -4*o + 5*o. What is the remainder when o is divided by 7?
4
Let k be (-1)/3 + 10/3. Let z be 8*(14/4 - k). Suppose -z*h = 5*y - 29 - 14, -5*h = 2*y - 24. What is the remainder when y is divided by 4?
3
Calculate the remainder when 33 is divided by (72/32)/((-6)/(-8)).
0
Let q(g) = 4*g**3 - 2*g**2 - g. Let x be q(-1). Let n(p) = p**2 + 6*p + 13. What is the remainder when n(x) is divided by 4?
0
Let o = 41 + 5. Calculate the remainder when o is divided by 12.
10
Let q be (2/5)/((-1)/(-5)). Let g(x) = 9*x**2 + 2*x + 1. Let a be g(q). Let o = -23 + a. Calculate the remainder when 53 is divided by o.
17
Let h be ((-2)/4 - -1)*14. Let t(r) = r + 7. Calculate the remainder when t(h) is divided by 4.
2
Let o(t) be the second derivative of t**4/12 + 13*t**3/6 - 2*t**2 + 5*t. Calculate the remainder when o(-15) is divided by 7.
5
What is the remainder when 68 is divided by (-9)/2*(-96)/18?
20
Suppose -10 = -5*r, 2*r + r + 11 = k. Suppose -3*y - 9 = 0, -5*f = y + y - 159. Calculate the remainder when f is divided by k.
16
Suppose -t = -z - 4*z + 10, -z + 8 = t. Suppose -z*l + 15 = 2*l. Suppose 2*x + 2*v - v - 2 = 0, -3*x - 5*v = 11. Calculate the remainder when l is divided by x.
0
Let k = 191 + -125. What is the remainder when k is divided by 25?
16
Suppose 7 = 2*a + l - 18, 5*a - 55 = -4*l. Suppose -6 = -3*p + 4*p. What is the remainder when a is divided by p/(3*1/(-4))?
7
Let a(t) = t**3 - 7*t + 5. Let m(u) = -2*u**3 + 10*u - 7. Let r(h) = -7*a(h) - 5*m(h). Suppose -v - 10 = -3*v. What is the remainder when v is divided by r(1)?
1
Suppose 3*l - 338 = 16. Suppose l = f + f. What is the remainder when f is divided by 20?
19
Suppose 3*r + 4*f - 18 = -0*f, -2*f = -6. Suppose -r*a + 46 = 10. What is the remainder when a is divided by 7?
4
Suppose -2*u + 49 = 5*u. Calculate the remainder when 41 is divided by u.
6
Let v = -16 - -15. What is the remainder when 51 is divided by (-28 - v)/(36/(-24))?
15
Suppose 0 = 6*n - n - 655. What is the remainder when n is divided by 33?
32
Let n(z) = 12*z - 12. What is the remainder when n(8) is divided by 17?
16
Suppose 10*f - 6*f = 80. Calculate the remainder when f is divided by 11.
9
Let g = -3 - -6. Let t be (276/(-18))/((-2)/12). Calculate the remainder when (-2)/3 - t/(-12) is divided by g.
1
Let s = 63 - 43. Calculate the remainder when 58 is divided by s.
18
Let m = -15 + 27. Let q(t) = -4*t + 0*t + 34 + 3*t. What is the remainder when q(0) is divided by m?
10
Let i(c) = -c**2 - 15. Let o be i(0). Let w = -11 - o. Suppose 5*j - 1 = 9. Calculate the remainder when w is divided by j.
0
Let u(j) = 2*j - 6. Let x(c) = -c**3 + 7*c**2 - 3*c - 5. What is the remainder when x(6) is divided by u(7)?
5
Suppose 2*x - 3 - 7 = 0. Calculate the remainder when 7 is divided by x.
2
Suppose 6*p + 24 = 7*p. What is the remainder when 71 is divided by p?
23
Let g be 48/10 - 4/(-20). Suppose 5*m - 5 = 0, 